e third derivative of -t**6/120 - t**5/6 - 3*t**4/4 - 11*t**3/6 + 9*t**2. Let c be j(-8). Suppose 3*i = c*i - 370. Is i a composite number?
True
Suppose 44*w - 73962 = 26*w. Is w prime?
False
Let h = 9 + -13. Is 8164/12 + h/(-6) prime?
False
Let d(r) = 35*r**2 - r + 1. Let q = 2 - -3. Let i = -7 + q. Is d(i) a prime number?
False
Suppose z + n = 20, 4*z + 0*n - 2*n - 74 = 0. Let f be 18 + (4 - 0)*-1. Suppose -f*h = -z*h + 455. Is h a composite number?
True
Let x(u) = 471*u - 53. Is x(2) composite?
True
Let b be (4/(-8))/(1/(-20)). Suppose -9*q = -b*q + 1411. Is q composite?
True
Let q = -128 + 129. Is (q/(-2))/((-2)/268) a prime number?
True
Suppose 0 = 2*t - 4, -t = -g - 0*g + 69107. Is g a composite number?
False
Suppose 2*i = 3*z + 471 - 2752, -z + i = -759. Is z a prime number?
False
Let t = 49 + -48. Is 301*t*2/2 prime?
False
Suppose 0 = -2*t - t + 5*n - 1, 4*t = -5*n + 22. Suppose 0 = -2*u + t*f + 1909, -f + 974 = u + 4*f. Is u a prime number?
False
Is (2 - 741)/(120/(-105) - -1) composite?
True
Is (3/36*4)/((-8)/(-372648)) a composite number?
False
Let x(o) = -o**3 - 9*o**2 + 19*o + 13. Let a be x(-11). Is (122/(-4)*a + 4)*-1 composite?
False
Let z(q) = -113*q + 16. Let b(v) = -v**3 - 15*v**2 + 17*v + 13. Let u be b(-16). Is z(u) prime?
False
Let v be 4 + 2/((-3)/(153/(-6))). Is 1 + 35874/v - (-4)/(-14) a prime number?
True
Let r(j) = 13*j**2 + 3*j - 461. Is r(-38) composite?
True
Let k(w) be the first derivative of -7*w**4/6 + w**3/6 + 5*w**2/2 - 2. Let u(l) be the second derivative of k(l). Is u(-3) a composite number?
True
Let l(b) = -63 + 545*b + 10 - 6 - 12. Is l(6) a prime number?
False
Let b(f) = -4*f**3 + 3*f**2 - 5*f + 16. Let y be b(-7). Suppose y + 1613 = 3*t. Is t a composite number?
False
Is 20/(-4)*(1 + (-668)/10) a prime number?
False
Let b(m) = m**3 - 8*m**2 + 15*m - 18. Let v be b(14). Suppose -3*c + 2265 = -v. Is c composite?
True
Is -1 + ((-4)/3)/(30/(-558945)) a prime number?
True
Let l = -58 + 35. Let b = -20 - l. Suppose z - a - 1943 = 0, 4 = b*a - a. Is z prime?
False
Suppose 0 = -g + 3*g - 3*x - 15, -5*x = -2*g + 9. Is (-4 - 164/g)*-3 prime?
True
Let s(u) = -11*u**2 - u - 1. Let r be s(-1). Let f = -6 - r. Suppose -f*h = 195 - 1880. Is h a prime number?
True
Let u = 16003 - 7542. Is u prime?
True
Suppose -1804 = -j - 4*a + a, j - 1776 = 4*a. Let k = 145 + j. Is k a prime number?
False
Let j(d) = -72*d**3 + 6*d**2 - 14*d - 2. Let v(r) = 24*r**3 - 2*r**2 + 5*r + 1. Let n(o) = -6*j(o) - 17*v(o). Let b be n(5). Is b/50 - 8/10 prime?
False
Suppose -11479 = x - 1049. Let n = -7318 - x. Suppose 0 = 5*j + c - n, -5*j = -0*j - c - 3118. Is j a composite number?
True
Let m(l) = -11*l + 33. Let v(g) = -1. Let n(k) = -m(k) + v(k). Is n(15) a composite number?
False
Suppose -37*t - 178700 = -57*t. Is t composite?
True
Let h = -142 + 228. Let n = 144 - h. Is n composite?
True
Let c be ((-850)/(-5))/((-2)/(-4)). Suppose -3*b - 5*l + c = 2*b, 0 = l + 1. Is b a prime number?
False
Let i = 29 + 7124. Is i a prime number?
False
Suppose 3*g - 111 = -5*i + 78, -4*i + 4*g + 132 = 0. Is (744/i)/((-4)/(-18)) a composite number?
True
Let r = 3737 - 666. Is r prime?
False
Let n be ((-20)/(-25))/((-6)/(-15)). Let a(x) = -6 + 7*x + 2*x**3 + 3*x**3 - x**3 - n*x**2. Is a(5) a composite number?
False
Let b be (10 + -14)/((-4)/242). Suppose b = 2*f - 180. Is f prime?
True
Let h be (-2 - -5) + (1 - 1). Suppose 8 + 7 = 3*q. Suppose q*o = h*o + 238. Is o composite?
True
Suppose 0 = -10*t + 12420 + 3520. Is t prime?
False
Let s(t) = 26*t**2 + 66*t - 457. Is s(42) prime?
True
Suppose -3*m = 0, -5*m + 2*m = -y + 161. Let q = 370 - y. Is q composite?
True
Suppose -2*v = -v - s - 659, 2*v - 1343 = -3*s. Suppose -v = -5*r - 2*g, -676 = -5*r - 2*g + 4*g. Is r a composite number?
True
Let m be (-14)/(-2) + -2 + -2. Suppose -3*c = -2*a + 157, -5*a = m*c - 0*c + 122. Let r = 10 - c. Is r prime?
True
Suppose -b + 2 - 1 = 0. Is (-3)/b + 266/1*4 a prime number?
True
Let c(y) = 54*y**2 + 4*y - 19. Is c(9) a prime number?
True
Let z(a) = -a**2 + 12*a + 4. Let o be z(12). Suppose 5*r + 3*d = 51, 4*r = o*d + 38 + 22. Suppose -r*p + 13*p = 251. Is p prime?
True
Suppose 3*f + 18*n = 23*n + 21342, 5*n = 4*f - 28451. Is f a composite number?
False
Suppose 0 = b - 126 - 63. Let j(g) = 3*g - 1. Let a be j(1). Let d = a + b. Is d prime?
True
Let h be 46 + (2/2)/1. Let r = -321 - -325. Suppose -797 = -r*i + h. Is i a composite number?
False
Let q = 2 - -1. Let l(w) = -2*w**q + 22 - 30 + w**3 - 3*w - 7*w**2 - 4*w**2. Is l(-11) prime?
False
Let q = 23 - 22. Suppose -2*f = f + v + q, -4*v - 16 = 0. Is 5 + (-1 - f) + 628 prime?
True
Suppose -2*b - 12 = -52. Let y be (-3)/7 - b/(-14). Is 9776/(-64)*y*-4 a composite number?
True
Let h(l) = 156*l**2 + 33*l - 20. Is h(-7) prime?
True
Suppose -9*w + 3*s = -4*w - 4151, -3*w - 4*s + 2479 = 0. Is w a prime number?
True
Is (-6)/(-4) + (-37915)/(-10) a composite number?
False
Suppose c - 21 = 4*v, 4*v + 25 - 9 = 0. Suppose -4*r + 1749 + 880 = t, c*r = 3*t - 7802. Is t prime?
True
Let s = 25004 + 25257. Is s prime?
True
Suppose 6207 = 9*r - 23232. Is r composite?
False
Suppose -4*w + 3*k + 166325 = 0, -4*w + 4*k = -117590 - 48738. Is w prime?
True
Let o = -120414 - -169009. Is o prime?
False
Let a be 258536/(-85) - 2/5. Let p = a - -4751. Is p a prime number?
True
Suppose 0 = 2*b - 0 + 2. Let w = 1 + 14. Let j = b + w. Is j a prime number?
False
Let r(z) = 7*z**3 + 17*z**2 - 31. Is r(9) composite?
False
Suppose q = -5*s + 4*q + 114, -5*q + 27 = 2*s. Suppose 0 = -20*p + s*p - 1891. Is p composite?
True
Let l = -169929 + 322274. Is l a composite number?
True
Let u be -1 + 1 + 6/3. Let o = -399 + 439. Is 49/28*o/u composite?
True
Let g be (26 - 22) + (-4)/(-2). Suppose g*h - 2480 - 18766 = 0. Is h composite?
False
Suppose 0*b + 3*r + 16 = 2*b, -2*b + 20 = -4*r. Suppose b*s = -3*y + 765, -2*s + 1274 = 5*y + s. Is y prime?
False
Let n be 2 + (4 + 2 - 3). Suppose -1 = u + 2*x + 5, -n*u = -x - 3. Suppose 4*k - 9*k + 2765 = u. Is k composite?
True
Suppose 3*f + 2*d = 8, -1 = -d - 0. Let y be f + 34*28/8. Let v = -68 + y. Is v composite?
False
Suppose -4*i + i = 5*m - 384, -2*i + 251 = 5*m. Suppose i = -3*h + 640. Let v = -60 + h. Is v a composite number?
False
Let g = -6 + 6. Let v be g + 3 - 2/(-1). Let i(m) = 3*m**2 + m + 5. Is i(v) a composite number?
True
Suppose 0 = 5*i - 2*y - 44204, -y = 5*i + y - 44216. Is i prime?
False
Suppose 0 = -8*r + 3*r + 25. Suppose -2*z - 232 = -n - n, 0 = 3*n - r*z - 342. Is n a prime number?
False
Let y = 10 - 13. Let h be y/(6/(-11354)) + 0. Is h/21 - (-4)/6 composite?
False
Let w(y) = 2*y + 7. Let q be w(-7). Let v(p) be the first derivative of -p**4/4 - 4*p**3/3 + 4*p**2 - 8*p - 1. Is v(q) a composite number?
False
Let c = -8 + 11. Suppose 3*z = -5*d + d + 68, -c*d = 2*z - 50. Is (d/(-21))/((-4)/666) composite?
True
Suppose -34199 = -26*z + 15*z. Is z a prime number?
True
Let r(y) = 124*y**2 + 10*y + 5. Is r(-4) composite?
False
Let v = -14624 + 28146. Is v composite?
True
Suppose 0*o - 3*o + 177 = 0. Suppose 5 + o = 4*n. Suppose -5*r + 351 = d, 0 + n = 4*r. Is d prime?
True
Let c(j) = -2808*j - 109. Is c(-31) a prime number?
True
Let a = -35 - -56. Let r(c) = 2*c**2 + 6*c - 37. Is r(a) prime?
True
Let p(b) = 3720*b + 17. Is p(3) composite?
False
Let q = 5705 - 2833. Suppose -4*w = -4*o + q, 2*o - 3*o + 2*w = -714. Suppose z + 2*z = -4*n + 431, -3*n = 5*z - o. Is z prime?
False
Let l(f) = 59*f**2 + 21*f - 199. Is l(-32) a composite number?
True
Let p = -7053 - -10188. Let o = -2086 + p. Is o a prime number?
True
Suppose -485292 = -50*t + 121258. Is t composite?
True
Let a(g) = -g**3 + 11*g**2 + 6*g - 3. Let o = -9 + 12. Let f(x) = 4*x - 2. Let u be f(o). Is a(u) prime?
True
Suppose 0 = 2*q + 2*k - 55206, 6*q + 138035 = 11*q - 5*k. Is q a composite number?
True
Let i(u) = -u**3 + 63*u**2 + 6*u + 49. Is i(41) prime?
True
Let m(c) = -8*c**2 - 3*c. Let f(g) = 9*g**2 + 4*g. Let u(z) = -5*f(z) - 6*m(z). Let h(b) = 2*b + 1. Let i be h(5). Is u(i) a prime number?
False
Let f be (96/(-18))/(-8)*3. Suppose 2*a = k + f*k - 5939, -2*k + 3*a = -3966. Is k composite?
True
Let j(o) = -o**3 - 2*o**2 + o - 1. Let m = -3 - 0. Let w be j(m). Suppose -w*f = 3*g - 256, -2*g = 5*f + 97 - 271. Is g a composite number?
True
